1
1061
Convert -2cb6 (base 14) to base 16.
-1f40
Convert -238 (base 9) to base 3.
-21022
100101010100 (base 2) to base 12
1470
What is 3305 (base 7) in base 3?
1121202
What is 1b53 (base 14) in base 6?
35005
Convert -32021 (base 8) to base 6.
-141413
-1053 (base 12) to base 11
-1389
Convert 500201 (base 6) to base 3.
1222102201
Convert -3259 (base 15) to base 11.
-8010
Convert -101021111 (base 3) to base 5.
-214432
What is 23333 (base 4) in base 14?
3cb
2036 (base 7) to base 2
1011001001
Convert 181 (base 10) to base 7.
346
-c5b (base 16) to base 11
-2416
552052 (base 6) to base 7
250412
What is -7116 (base 9) in base 2?
-1010001001111
What is -1008 (base 13) in base 12?
-1339
Convert -8895 (base 12) to base 5.
-440324
What is 1164 (base 13) in base 6?
15200
What is 1148 (base 9) in base 13?
509
-b80 (base 13) to base 6
-13031
What is -501 (base 7) in base 3?
-100010
a064 (base 13) to base 3
1010020202
What is 30 (base 13) in base 6?
103
-4332 (base 15) to base 13
-6620
677 (base 9) to base 13
33a
Convert 2323 (base 5) to base 14.
1a2
Convert -11303 (base 7) to base 14.
-10aa
What is 6b82 (base 12) in base 4?
2330102
-12aae (base 16) to base 8
-225256
-1103 (base 11) to base 10
-1455
Convert -30233330 (base 4) to base 15.
-10715
Convert -956 (base 11) to base 5.
-14100
Convert -5247 (base 11) to base 5.
-210243
Convert 866 (base 14) to base 15.
758
-8454 (base 10) to base 11
-6396
-1210310 (base 5) to base 12
-11098
-5ca (base 14) to base 13
-6b1
-13908 (base 11) to base 2
-100110100010011
58a6 (base 11) to base 4
1320323
366 (base 11) to base 16
1b3
9647 (base 10) to base 16
25af
10111100111 (base 2) to base 4
113213
What is -220530 (base 8) in base 16?
-12158
Convert bed (base 16) to base 10.
3053
Convert -100000101 (base 2) to base 10.
-261
Convert -111100110000000 (base 2) to base 14.
-b49a
1003103 (base 4) to base 7
15362
What is -286 (base 14) in base 4?
-13332
What is 7594 (base 12) in base 4?
3022000
Convert -2212031 (base 5) to base 8.
-112767
1111110010011 (base 2) to base 15
25dd
Convert -2013031 (base 4) to base 7.
-34141
232 (base 12) to base 16
146
What is -2498 (base 11) in base 7?
-12325
-3138 (base 9) to base 11
-1804
Convert -5fc (base 16) to base 14.
-7b6
What is 74a (base 14) in base 9?
1867
Convert -1bc80 (base 13) to base 15.
-113c5
What is -65273 (base 8) in base 9?
-41428
What is -13817 (base 9) in base 8?
-22304
What is -2075 (base 8) in base 13?
-656
What is 1d4c (base 14) in base 11?
4033
What is a01 (base 16) in base 5?
40221
972 (base 15) to base 4
201110
Convert 845 (base 15) to base 8.
3511
What is -1032 (base 4) in base 15?
-53
-338 (base 11) to base 10
-404
Convert -210310 (base 4) to base 2.
-100100110100
Convert 700 (base 16) to base 13.
a7b
What is -411 (base 6) in base 5?
-1101
-131220 (base 5) to base 2
-1010001000001
11101100 (base 2) to base 9
282
Convert 3582 (base 9) to base 11.
2004
4052 (base 15) to base 9
20555
Convert -1010110111001000 (base 2) to base 5.
-2410423
Convert -1998 (base 14) to base 12.
-282a
Convert -2212101 (base 3) to base 9.
-2771
Convert 2432 (base 6) to base 3.
211002
Convert -19ce (base 15) to base 14.
-2078
70 (base 11) to base 3
2212
111011111000 (base 2) to base 16
ef8
Convert -53052 (base 8) to base 7.
-121211
1011000021 (base 3) to base 15
6a71
What is 31030 (base 4) in base 11?
6a8
Convert -11110030 (base 4) to base 2.
-101010100001100
47372 (base 8) to base 14
7522
-1e4 (base 16) to base 7
-1261
What is 1001001111 (base 2) in base 3?
210220
Convert -499 (base 10) to base 15.
-234
322233 (base 7) to base 13
1c671
-b71 (base 12) to base 2
-11010000101
230 (base 11) to base 7
542
210214 (base 5) to base 6
52034
110143 (base 5) to base 7
14034
-210 (base 16) to base 8
-1020
What is 1472 (base 13) in base 14?
111c
22151 (base 8) to base 6
111053
-18271 (base 9) to base 3
-122022101
2302 (base 6) to base 12
392
Convert 1001010 (base 4) to base 11.
3146
-222 (base 14) to base 5
-3142
What is 112212 (base 3) in base 5?
3101
Convert -33221 (base 6) to base 13.
-2146
831 (base 10) to base 9
1123
1011010001 (base 2) to base 3
222201
5162 (base 7) to base 13
a91
What is 4776 (base 14) in base 9?
18065
4332 (base 7) to base 11
1182
What is -1333 (base 6) in base 13?
-207
What is -2922 (base 12) in base 13?
-2237
Convert -1a0 (base 15) to base 11.
-311
Convert -13152 (base 11) to base 9.
-27722
What is -15137 (base 9) in base 15?
-30d1
Convert -111587 (base 9) to base 14.
-1a4d1
What is 1564 (base 11) in base 3?
2202022
883 (base 14) to base 3
2022100
Convert -423301 (base 5) to base 4.
-3131321
-14ad (base 16) to base 14
-1d01
Convert -308 (base 10) to base 12.
-218
What is -773 (base 11) in base 14?
-4a3
-166 (base 14) to base 12
-1ba
-11232 (base 4) to base 8
-556
135434 (base 7) to base 16
655a
101000011010100 (base 2) to base 3
1001101101
Convert -20443 (base 6) to base 4.
-223023
What is -5e62 (base 15) in base 2?
-100111010010101
6a3 (base 11) to base 7
2306
What is 643 (base 9) in base 13?
315
Convert -12546 (base 8) to base 12.
-3206
4635 (base 7) to base 10
1692
Convert 3e6 (base 16) to base 10.
998
What is -14359 (base 14) in base 3?
-2112200001
Convert -60046 (base 7) to base 9.
-21724
What is 13101 (base 5) in base 3?
1102000
Convert 1101011101100000 (base 2) to base 16.
d760
15609 (base 11) to base 7
121142
-172162 (base 8) to base 10
-62578
What is 4c82 (base 16) in base 3?
222212102
-d8 (base 14) to base 3
-21001
What is 1101111101 (base 2) in base 11?
742
What is 1682 (base 11) in base 9?
2845
-1266 (base 8) to base 5
-10234
3543 (base 7) to base 5
20210
Convert 614 (base 11) to base 5.
10431
10000111001 (base 2) to base 11
8a3
What is 64a5 (base 12) in base 4?
2230331
Convert 254200 (base 6) to base 2.
101100110111000
Convert -13440 (base 5) to base 13.
-682
What is 143 (base 14) in base 10?
255
-212121102 (base 3) to base 7
-101114
What is -1241 (base 9) in base 2?
-1110100000
What is 3c2 (base 16) in base 11?
7a5
Convert 625 (base 9) to base 7.
1325
Convert 1000000100100011 (base 2) to base 7.
165245
6714 (base 8) to base 15
10a7
What is -20010 (base 9) in base 15?
-3d56
What is 6224 (base 15) in base 13?
958c
-2360 (base 12) to base 6
-30200
Convert 14031 (base 6) to base 16.
883
-108 (base 16) to base 11
-220
243546 (base 7) to base 13
17361
Convert -220000 (base 5) to base 4.
-1311030
What is -2452 (base 9) in base 13?
-aa9
Convert 10470 (base 8) to base 14.
186c
Convert -2b5 (base 14) to base 13.
-335
What is 648e (base 15) in base 16?
5324
Convert -1881 (base 9) to base 14.
-758
-112201112 (base 3) to base 2
-10100111101101
87 (base 11) to base 10
95
Convert 400 (base 5) to base 15.
6a
What is 748 (base 12) in base 5?
13224
What is -1107 (base 15) in base 16?
-e17
Convert 314100 (base 5) to base 3.
112102211
-10021121 (base 3) to base 2
-100101011000
Convert -100110111100 (base 2) to base 4.
-212330
Convert 22104 (base 5) to base 11.
1170
-6143 (base 9) to base 2
-1000110001110
What is -713 (base 13) in base 14?
-619
What is 456 (base 9) in base 12?
273
What is -547 (base 11) in base 6?
-3012
Convert 210 (base 6) to base 9.
86
Convert 1404 (base 6) to base 12.
264
Convert 52514 (base 8) to base 9.
32852
Convert 9338 (base 15) to base 5.
1443403
141 (base 15) to base 12
1ba
Convert -560 (base 15) to base 3.
-1200000
Convert -33b1 (base 12) to base 16.
-1675
Convert 10148 (base 14) to base 13.
147b1
What is 400501 (base 6) in base 11?
21561
Convert 323211 (base 5) to base 14.
405a
Convert -1482 (base 10) to base 8.
-2712
What is -1541 (base 7) in base 6?
-2505
226 (base 9) to base 15
c6
Convert -10031 (base 4) to base 7.
-533
-10011101010010110 (base 2) to base 12
-3a732
Convert -11030033 (base 4) to base 15.
-6478
-1000100010 (base 2) to base 3
-202020
-5045 (base 9) to base 4
-321212
What is -11727 (base 8) in base 13?
-2409
Convert 11220202 (base 3) to base 9.
4822
-344333 (base 5) to base 14
-4788
Convert -2ba0 (base 12) to base 13.
-246c
Convert -140243 (base 6) to base 9.
-18820
-3a4a (base 14) to base 13
-4891
What is -212 (base 6) in base 11?
-73
Convert -1080 (base 16) to base 10.
-4224
What is -1023201 (base 4) in base 9?
-6560
-1 (base 9) to base 4
-1
What is -5256 (base 7) in base 3?
-2112200
-2332 (base 4) to base 15
-ca
What is 3288 (base 9) in